{"id":149,"date":"2020-04-29T15:33:30","date_gmt":"2020-04-29T15:33:30","guid":{"rendered":"http:\/\/sanberquimica.com\/quimica\/?post_type=product&#038;p=149"},"modified":"2021-09-15T19:58:06","modified_gmt":"2021-09-15T19:58:06","slug":"lubricante-hule-plasticos-tuberia-pvc-lubriplast","status":"publish","type":"product","link":"https:\/\/sanber.com.mx\/quimicos\/categoria-producto\/lubricante-hule-plasticos-tuberia-pvc-lubriplast\/","title":{"rendered":"LUBRIPLAST"},"content":{"rendered":"","protected":false},"excerpt":{"rendered":"<p>Combinaci\u00f3n de agentes lubricantes y un sistema bioest\u00e1tico, que asegura excelentes propiedades lubricantes, limpieza y estabilidad. Es un material 100% biodegradable y totalmente soluble en agua. No contiene aceites, sales inorg\u00e1nicas, parafinas cloradas ni compuestos de azufre.<\/p>\n<p>Este lubricante representa una forma econ\u00f3mica y segura de ensamblar materiales de caucho o pl\u00e1stico, como conductos, tuber\u00edas de PVC, facias, etc., facilitando las operaciones de ensamblaje, sin da\u00f1ar las piezas. Tambi\u00e9n se puede usar para ensamblar piezas met\u00e1licas en arandelas de goma o viceversa.<\/p>\n[fusion_button link=\"https:\/\/sanber.com.mx\/quimicos\/contacto-empresa-quimicos-industriales-distribuidor-mexico\/\" text_transform=\"\" title=\"Cont\u00e1ctanos\" target=\"_self\" link_attributes=\"\" alignment=\"center\" modal=\"\" hide_on_mobile=\"small-visibility,medium-visibility,large-visibility\" class=\"\" id=\"\" color=\"custom\" button_gradient_top_color=\"#65bc7b\" button_gradient_bottom_color=\"#6eb369\" button_gradient_top_color_hover=\"#6eb369\" button_gradient_bottom_color_hover=\"#65bc7b\" accent_color=\"#ffffff\" accent_hover_color=\"#ffffff\" type=\"\" bevel_color=\"\" border_width=\"\" size=\"large\" stretch=\"default\" shape=\"square\" icon=\"\" icon_position=\"left\" icon_divider=\"no\" animation_type=\"\" animation_direction=\"left\" animation_speed=\"0.3\" animation_offset=\"\"]M\u00c1S INFORMACI\u00d3N[\/fusion_button]\n","protected":false},"featured_media":2720,"template":"","meta":[],"product_brand":[],"product_cat":[25,118],"product_tag":[],"class_list":{"0":"post-149","1":"product","2":"type-product","3":"status-publish","4":"has-post-thumbnail","6":"product_cat-lubricantes-industriales-monterrey-refrigerantes-metales-mexico","7":"product_cat-quimicos-industrial-limpieza-desengrasantes-lubricantes-monterrey","8":"product-grid-view","10":"first","11":"instock","12":"shipping-taxable","13":"product-type-simple"},"aioseo_notices":[],"_links":{"self":[{"href":"https:\/\/sanber.com.mx\/quimicos\/wp-json\/wp\/v2\/product\/149","targetHints":{"allow":["GET"]}}],"collection":[{"href":"https:\/\/sanber.com.mx\/quimicos\/wp-json\/wp\/v2\/product"}],"about":[{"href":"https:\/\/sanber.com.mx\/quimicos\/wp-json\/wp\/v2\/types\/product"}],"wp:featuredmedia":[{"embeddable":true,"href":"https:\/\/sanber.com.mx\/quimicos\/wp-json\/wp\/v2\/media\/2720"}],"wp:attachment":[{"href":"https:\/\/sanber.com.mx\/quimicos\/wp-json\/wp\/v2\/media?parent=149"}],"wp:term":[{"taxonomy":"product_brand","embeddable":true,"href":"https:\/\/sanber.com.mx\/quimicos\/wp-json\/wp\/v2\/product_brand?post=149"},{"taxonomy":"product_cat","embeddable":true,"href":"https:\/\/sanber.com.mx\/quimicos\/wp-json\/wp\/v2\/product_cat?post=149"},{"taxonomy":"product_tag","embeddable":true,"href":"https:\/\/sanber.com.mx\/quimicos\/wp-json\/wp\/v2\/product_tag?post=149"}],"curies":[{"name":"wp","href":"https:\/\/api.w.org\/{rel}","templated":true}]}}