{"id":114,"date":"2020-04-28T15:28:24","date_gmt":"2020-04-28T15:28:24","guid":{"rendered":"http:\/\/sanberquimica.com\/quimica\/?post_type=product&#038;p=114"},"modified":"2021-09-21T15:51:18","modified_gmt":"2021-09-21T15:51:18","slug":"desengrasantes-industriales-metales-biodegradables-maquinaria-oleum932","status":"publish","type":"product","link":"https:\/\/sanber.com.mx\/quimicos\/categoria-producto\/desengrasantes-industriales-metales-biodegradables-maquinaria-oleum932\/","title":{"rendered":"OLEUM-932"},"content":{"rendered":"","protected":false},"excerpt":{"rendered":"<p>Potente desengrasante que no incluye fosfatos, compuestos clorados o sustancias c\u00e1usticas en su formulaci\u00f3n.<\/p>\n<p>Gracias a la potencia combinada de su base solvente y sus poderosos emulsionantes, elimina f\u00e1cil y r\u00e1pidamente los rastros de petr\u00f3leo crudo, grasas, alquitr\u00e1n, brea y asfalto. En contacto con este tipo de suciedad, los emulsiona y permite su f\u00e1cil eliminaci\u00f3n aplicando agua a presi\u00f3n, dejando las superficies completamente limpias.<\/p>\n[fusion_button link=\"https:\/\/sanber.com.mx\/quimicos\/contacto-empresa-quimicos-industriales-distribuidor-mexico\/\" text_transform=\"\" title=\"Cont\u00e1ctanos\" target=\"_self\" link_attributes=\"\" alignment=\"center\" modal=\"\" hide_on_mobile=\"small-visibility,medium-visibility,large-visibility\" class=\"\" id=\"\" color=\"custom\" button_gradient_top_color=\"#65bc7b\" button_gradient_bottom_color=\"#6eb369\" button_gradient_top_color_hover=\"#6eb369\" button_gradient_bottom_color_hover=\"#65bc7b\" accent_color=\"#ffffff\" accent_hover_color=\"#ffffff\" type=\"\" bevel_color=\"\" border_width=\"\" size=\"large\" stretch=\"default\" shape=\"square\" icon=\"\" icon_position=\"left\" icon_divider=\"no\" animation_type=\"\" animation_direction=\"left\" animation_speed=\"0.3\" animation_offset=\"\"]M\u00c1S INFORMACI\u00d3N[\/fusion_button]\n","protected":false},"featured_media":2549,"template":"","meta":[],"product_brand":[],"product_cat":[354],"product_tag":[392],"class_list":{"0":"post-114","1":"product","2":"type-product","3":"status-publish","4":"has-post-thumbnail","6":"product_cat-limpiadores-y-desengrasantes","7":"product_tag-mineria-desengrasantes-emulsificables","8":"product-grid-view","10":"first","11":"instock","12":"shipping-taxable","13":"product-type-simple"},"aioseo_notices":[],"_links":{"self":[{"href":"https:\/\/sanber.com.mx\/quimicos\/wp-json\/wp\/v2\/product\/114","targetHints":{"allow":["GET"]}}],"collection":[{"href":"https:\/\/sanber.com.mx\/quimicos\/wp-json\/wp\/v2\/product"}],"about":[{"href":"https:\/\/sanber.com.mx\/quimicos\/wp-json\/wp\/v2\/types\/product"}],"wp:featuredmedia":[{"embeddable":true,"href":"https:\/\/sanber.com.mx\/quimicos\/wp-json\/wp\/v2\/media\/2549"}],"wp:attachment":[{"href":"https:\/\/sanber.com.mx\/quimicos\/wp-json\/wp\/v2\/media?parent=114"}],"wp:term":[{"taxonomy":"product_brand","embeddable":true,"href":"https:\/\/sanber.com.mx\/quimicos\/wp-json\/wp\/v2\/product_brand?post=114"},{"taxonomy":"product_cat","embeddable":true,"href":"https:\/\/sanber.com.mx\/quimicos\/wp-json\/wp\/v2\/product_cat?post=114"},{"taxonomy":"product_tag","embeddable":true,"href":"https:\/\/sanber.com.mx\/quimicos\/wp-json\/wp\/v2\/product_tag?post=114"}],"curies":[{"name":"wp","href":"https:\/\/api.w.org\/{rel}","templated":true}]}}