{"id":245,"date":"2020-05-01T15:32:31","date_gmt":"2020-05-01T15:32:31","guid":{"rendered":"http:\/\/sanberquimica.com\/quimica\/?page_id=245"},"modified":"2020-08-19T23:38:54","modified_gmt":"2020-08-19T23:38:54","slug":"fichas-tecnicas-productos-quimicos-industriales-mexico","status":"publish","type":"page","link":"https:\/\/sanber.com.mx\/quimicos\/fichas-tecnicas-productos-quimicos-industriales-mexico\/","title":{"rendered":"Documentaci\u00f3n"},"content":{"rendered":"<div class=\"fusion-fullwidth fullwidth-box fusion-builder-row-1 nonhundred-percent-fullwidth non-hundred-percent-height-scrolling\"  style='background-color: rgba(255,255,255,0);background-position: center center;background-repeat: no-repeat;padding-top:0px;padding-right:0px;padding-bottom:0px;padding-left:0px;'><div class=\"fusion-builder-row fusion-row \"><div  class=\"fusion-layout-column fusion_builder_column fusion_builder_column_1_1 fusion-builder-column-0 fusion-one-full fusion-column-first fusion-column-last 1_1\"  style='margin-top:0px;margin-bottom:0px;'><div class=\"fusion-column-wrapper\" style=\"padding: 0px 8% 0px 8%;background-position:left top;background-repeat:no-repeat;-webkit-background-size:cover;-moz-background-size:cover;-o-background-size:cover;background-size:cover;\"   data-bg-url=\"\"><div class=\"fusion-text\"><p>En Industrias San-ber S.A. de C.V. contamos con esta secci\u00f3n exclusiva para nuestros distribuidores que requieren mayor informaci\u00f3n \u00f3 la Ficha T\u00e9cnica de nuestros productos. Si usted es nuestro distribuidor y requiere tener acceso, cont\u00e1ctenos a trav\u00e9s de nuestro correo ventas@sanber.com.mx<\/p>\n<p><a href=\"http:\/\/www.sanber.com.mx\/doctsb\/\" target=\"_blank\" rel=\"noopener noreferrer\"><img loading=\"lazy\" decoding=\"async\" class=\"size-full wp-image-719 aligncenter\" src=\"http:\/\/sanber.com.mx\/quimicos\/wp-content\/uploads\/2020\/05\/bot-documentos.jpg\" alt=\"\" width=\"300\" height=\"100\" srcset=\"https:\/\/sanber.com.mx\/quimicos\/wp-content\/uploads\/2020\/05\/bot-documentos-200x67.jpg 200w, https:\/\/sanber.com.mx\/quimicos\/wp-content\/uploads\/2020\/05\/bot-documentos.jpg 300w\" sizes=\"auto, (max-width: 300px) 100vw, 300px\" \/><\/a><\/p>\n<\/div><div class=\"fusion-clearfix\"><\/div><\/div><\/div><\/div><\/div>\n","protected":false},"excerpt":{"rendered":"","protected":false},"author":1,"featured_media":0,"parent":0,"menu_order":0,"comment_status":"closed","ping_status":"closed","template":"","meta":{"footnotes":""},"class_list":["post-245","page","type-page","status-publish","hentry"],"aioseo_notices":[],"_links":{"self":[{"href":"https:\/\/sanber.com.mx\/quimicos\/wp-json\/wp\/v2\/pages\/245","targetHints":{"allow":["GET"]}}],"collection":[{"href":"https:\/\/sanber.com.mx\/quimicos\/wp-json\/wp\/v2\/pages"}],"about":[{"href":"https:\/\/sanber.com.mx\/quimicos\/wp-json\/wp\/v2\/types\/page"}],"author":[{"embeddable":true,"href":"https:\/\/sanber.com.mx\/quimicos\/wp-json\/wp\/v2\/users\/1"}],"replies":[{"embeddable":true,"href":"https:\/\/sanber.com.mx\/quimicos\/wp-json\/wp\/v2\/comments?post=245"}],"version-history":[{"count":7,"href":"https:\/\/sanber.com.mx\/quimicos\/wp-json\/wp\/v2\/pages\/245\/revisions"}],"predecessor-version":[{"id":905,"href":"https:\/\/sanber.com.mx\/quimicos\/wp-json\/wp\/v2\/pages\/245\/revisions\/905"}],"wp:attachment":[{"href":"https:\/\/sanber.com.mx\/quimicos\/wp-json\/wp\/v2\/media?parent=245"}],"curies":[{"name":"wp","href":"https:\/\/api.w.org\/{rel}","templated":true}]}}